0 (base 6) to base 2.
-11100000110100
What is 13000233 (base 4) in base 5?
1404334
What is -21112 (base 6) in base 15?
-ca2
788b (base 12) to base 4
3100223
220041 (base 5) to base 6
54453
2172 (base 10) to base 15
99c
Convert 2115 (base 7) to base 2.
1011101011
-1000110011100110 (base 2) to base 5
-2123240
Convert -1002042 (base 5) to base 15.
-4a9c
What is 128 (base 16) in base 6?
1212
Convert -104538 (base 9) to base 8.
-171705
Convert 30063 (base 8) to base 15.
39c9
Convert 312 (base 10) to base 14.
184
Convert 3022 (base 5) to base 15.
1ac
Convert 4233 (base 6) to base 2.
1110111101
Convert -33ad (base 15) to base 10.
-10963
-314130 (base 5) to base 12
-6124
Convert -131aa (base 11) to base 2.
-100100110111011
Convert -12002012 (base 3) to base 12.
-2188
What is 20030 (base 5) in base 3?
1201212
Convert 503 (base 16) to base 15.
5a8
331103 (base 6) to base 9
41613
What is 434 (base 6) in base 5?
1131
-610 (base 8) to base 3
-112112
Convert 742 (base 13) to base 15.
577
Convert 201101 (base 3) to base 10.
523
32001 (base 8) to base 4
3100001
What is 1221323 (base 4) in base 15?
201e
Convert -459 (base 14) to base 8.
-1537
What is 677 (base 16) in base 9?
2238
What is -66 (base 15) in base 14?
-6c
-300320 (base 4) to base 10
-3128
35ab (base 15) to base 5
331121
-a58 (base 12) to base 9
-2055
Convert 45545 (base 7) to base 9.
16815
What is -462 (base 13) in base 16?
-2f4
What is 1031300 (base 4) in base 7?
20336
1042244 (base 5) to base 7
104534
Convert -2955 (base 16) to base 3.
-112111220
What is 403 (base 5) in base 9?
124
Convert 513 (base 12) to base 15.
340
Convert -b96 (base 16) to base 13.
-1472
What is 371 (base 11) in base 4?
12321
Convert 247e (base 15) to base 9.
11582
Convert -521 (base 12) to base 8.
-1351
12142 (base 6) to base 11
1388
-10ab (base 15) to base 11
-2725
-3332013 (base 5) to base 10
-58383
17b8 (base 15) to base 7
20636
15254 (base 6) to base 3
10101221
Convert -35465 (base 8) to base 15.
-4757
-32403 (base 5) to base 8
-4264
What is 2526 (base 7) in base 2?
1110110111
What is 3e6 (base 15) in base 12?
623
641 (base 8) to base 6
1533
What is 46535 (base 10) in base 14?
12d5d
What is 10320211 (base 4) in base 6?
232341
Convert -130154 (base 7) to base 12.
-11b42
What is 34285 (base 9) in base 15?
6b78
What is 130101 (base 6) in base 4?
2312311
Convert -332212 (base 4) to base 7.
-14452
What is -1001000011101 (base 2) in base 14?
-1993
What is -7779 (base 10) in base 7?
-31452
What is 32543 (base 7) in base 15?
2645
-58340 (base 9) to base 14
-1027a
2123 (base 9) to base 3
2010210
Convert 1551 (base 8) to base 14.
465
7e5 (base 15) to base 6
12142
What is -399 (base 15) in base 8?
-1463
Convert 110100010 (base 2) to base 8.
642
Convert -3a67 (base 15) to base 13.
-58a5
What is 16124 (base 11) in base 14?
842a
Convert 222122221 (base 3) to base 4.
10233232
110012122 (base 3) to base 11
6761
-45312 (base 7) to base 16
-2cd3
Convert -140 (base 8) to base 7.
-165
1147 (base 13) to base 16
979
Convert 1241220 (base 5) to base 10.
24560
What is 137 (base 13) in base 9?
258
What is b645 (base 12) in base 5?
1114200
209 (base 14) to base 9
485
Convert -d30 (base 15) to base 16.
-b9a
What is 1002202200 (base 3) in base 5?
1143244
Convert -122101 (base 4) to base 11.
-1299
-320 (base 8) to base 13
-130
What is -a193 (base 12) in base 16?
-447f
-16ac (base 14) to base 11
-3072
-101000101 (base 2) to base 6
-1301
16771 (base 10) to base 5
1014041
Convert 6ba (base 13) to base 7.
3255
Convert 31 (base 5) to base 11.
15
d8d0 (base 14) to base 10
37422
Convert -12401 (base 5) to base 3.
-1100011
-150 (base 7) to base 5
-314
What is 10100111101 (base 2) in base 11?
100a
1582 (base 11) to base 5
31101
Convert 202514 (base 6) to base 8.
37456
-6a23 (base 12) to base 2
-10111000111011
-826 (base 13) to base 8
-2550
2010 (base 5) to base 16
ff
What is -6240 (base 13) in base 3?
-200121200
2215 (base 13) to base 11
3629
Convert 1446 (base 9) to base 13.
663
Convert 102304 (base 7) to base 15.
5364
2415 (base 6) to base 11
494
Convert -1025 (base 9) to base 4.
-23300
What is -265631 (base 7) in base 15?
-ec6b
1a4 (base 11) to base 6
1031
-230 (base 7) to base 10
-119
Convert 1ba (base 13) to base 6.
1254
Convert -304444 (base 5) to base 3.
-111201100
What is 101231 (base 4) in base 13?
692
What is -324132 (base 5) in base 13?
-5110
Convert 72061 (base 9) to base 12.
23554
What is -32513 (base 6) in base 8?
-10635
252053 (base 6) to base 14
82ad
Convert 37582 (base 10) to base 2.
1001001011001110
3116 (base 7) to base 8
2103
-2a6b5 (base 12) to base 14
-17ac1
-2022313 (base 4) to base 10
-8887
What is 10112111 (base 3) in base 6?
15534
Convert -32173 (base 8) to base 3.
-200102121
-11000010110 (base 2) to base 4
-120112
What is -20662 (base 13) in base 5?
-3330331
-2012102 (base 3) to base 8
-3104
Convert -22023 (base 5) to base 3.
-2002001
What is -2e0 (base 16) in base 5?
-10421
Convert 230240 (base 5) to base 15.
2665
Convert 2301 (base 4) to base 9.
216
-3645 (base 9) to base 16
-a9a
-1231423 (base 5) to base 15
-7193
What is -278 (base 12) in base 16?
-17c
What is -4a47 (base 11) in base 14?
-2585
Convert -2816 (base 11) to base 16.
-e3f
Convert 239 (base 11) to base 2.
100011100
What is -552 (base 15) in base 14?
-61c
Convert 168e (base 16) to base 12.
3412
Convert -8744 (base 13) to base 2.
-100100101111111
Convert -12331 (base 6) to base 2.
-11100111111
Convert 1cd6 (base 14) to base 11.
3a74
-8c7 (base 14) to base 10
-1743
Convert 1412 (base 7) to base 6.
2312
Convert -6152 (base 8) to base 13.
-15a6
What is 101002201 (base 3) in base 7?
30316
Convert -2473 (base 10) to base 2.
-100110101001
24004 (base 6) to base 14
1392
Convert 4729 (base 14) to base 8.
30141
Convert b516 (base 12) to base 3.
1000002100
Convert -30343 (base 10) to base 6.
-352251
112020 (base 3) to base 9
466
-32201 (base 6) to base 13
-1ccc
What is -a3 (base 11) in base 14?
-81
Convert 909 (base 10) to base 12.
639
What is 11341 (base 11) in base 9?
24420
What is 101010100011 (base 2) in base 10?
2723
Convert -9c1 (base 16) to base 5.
-34442
-5b1 (base 14) to base 12
-7a7
What is -10101001001 (base 2) in base 5?
-20403
Convert -310332 (base 4) to base 8.
-6476
2513 (base 9) to base 3
2120110
-2100010 (base 3) to base 14
-89a
What is 23ac (base 13) in base 16?
13b3
What is -42b (base 13) in base 12?
-4b5
What is 20d (base 15) in base 16?
1cf
5681 (base 12) to base 13
44a7
Convert -104700 (base 8) to base 3.
-1210101002
Convert 111010001110000 (base 2) to base 3.
1111220000
Convert -155352 (base 6) to base 16.
-3c74
Convert -24052 (base 7) to base 2.
-1100001000011
-12352 (base 6) to base 14
-976
Convert -342441 (base 7) to base 2.
-1110111000001000
Convert 7054 (base 10) to base 11.
5333
10011010101001 (base 2) to base 13
4674
Convert 476 (base 8) to base 16.
13e
1101200 (base 3) to base 13
603
275b (base 14) to base 15
20cb
What is 144 (base 9) in base 11?
100
-4750 (base 10) to base 6
-33554
Convert 12222201 (base 4) to base 6.
330213
What is -14464 (base 7) in base 5?
-112030
What is -22052 (base 7) in base 12?
-3245
3c3 (base 14) to base 12
533
Convert b16b (base 12) to base 14.
701d
45392 (base 10) to base 15
d6b2
Convert -301423 (base 5) to base 9.
-14161
What is -b81 (base 16) in base 14?
-1105
What is -5306 (base 7) in base 3?
-2120012
Convert -1125 (base 11) to base 2.
-10111000111
Convert -102000211 (base 3) to base 13.
-3877
What is 2533 (base 7) in base 4?
32323
What is 73a (base 12) in base 5?
13204
Convert -4158 (base 10) to base 7.
-15060
-5a8 (base 12) to base 14
-448
Convert -1100001100100 (base 2) to base 14.
-23c0
-16617 (base 8) to base 6
-55011
Convert 6172 (base 9) to base 7.
16115
Convert 1f8 (base 16) to base 3.
200200
Convert 1a43 (base 12) to base 2.
110010010011
What is -5568 (base 10) in base 12?
-3280
Convert 51 (base 11) to base 10.
56
What is -21505 (base 6) in base 3?
-11002212
-2b45 (base 16) to base 3
-120012021
Convert -14302 (base 5) to base 6.
-5322
-195a (base 16) to base 15
-1dca
Convert -2b0 (base 13) to base 9.
-584
What is -2344 (base 6) in base 12?
-3b4
Convert 2213112 (base 4) to base 12.
6246
Convert 4737 (base 9) to base 15.
1097
-3b26 (base 14) to base 11
-7915
3323 (base 4) to base 14
13d
Convert -79c (base